{"id":1187,"date":"2012-01-30T22:37:42","date_gmt":"2012-01-30T21:37:42","guid":{"rendered":"http:\/\/gps.hillclimb.de\/?page_id=1187"},"modified":"2021-05-22T12:50:11","modified_gmt":"2021-05-22T10:50:11","slug":"1187-2","status":"publish","type":"page","link":"https:\/\/gps.hillclimb.de\/?page_id=1187","title":{"rendered":"PocketGPS S1 als GPS-Logger oder GPS-Empf\u00e4nger"},"content":{"rendered":"<p style=\"margin-top: -12px;margin-bottom: 26px;font-size:0.7em;\">Letzte &Auml;nderung am 21.05.2021<\/p>\n<p style=\"margin-top: 0px;margin-bottom: 8px;\">Das PocketGPS&#160;S1 kann sowohl als GPS-<em>Logger<\/em>, also als eigenst\u00e4ndiges Ger\u00e4t mit eigenem Speicher, als auch als GPS-<em>Empf\u00e4nger<\/em> eingesetzt werden. <\/p>\n<p style=\"margin-top: 0px;margin-bottom: 8px;\">Im Betrieb als <em>Empf\u00e4nger<\/em> stellt es an seiner USB-Buchse f\u00fcr die Verarbeitung in einem separaten Ger\u00e4t (Smartphone, Tablet, Notebook, PC usw.) serielle zeitnahe GPS-Daten, wie bei allen GPS-Empf\u00e4ngern als Quasi-Standard \u00fcblich, im NMEA&#160;0183-Datenformat, zur Verf\u00fcgung (PocketGPS S1 als USB-GPS-Maus).<\/p>\n<p style=\"margin-top: 0px;margin-bottom: 8px;\">Als GPS-<em>Logger<\/em> betrieben, schreibt das PocketGPS&#160;S1 die GPS-Daten in seinen (nichtfl\u00fcchtigen) Speicher, aus dem sie sp\u00e4ter &#8211; wiederum \u00fcber den USB-Anschluss &#8211; jederzeit gelesen werden k\u00f6nnen.<\/p>\n<p style=\"margin-top: 0px;margin-bottom: 8px;\">Der Wechsel zwischen den beiden Betriebsarten des Loggers verbunden mit dem Wechsel des  Datenmodus der USB-Buchse kann sowohl am PC als auch am Logger selbst vorgenommen werden (siehe &#8211; ebenfalls in der GPS-Ecke &#8211; : <a href=\"https:\/\/gps.hillclimb.de\/?page_id=899\">\u201ePocketGPS S1\u201c \u2013 Tipps zur ersten Inbetriebnahme<\/a>). <\/p>\n<p style=\"margin-top: 0px;margin-bottom: 8px;\">Die Speicherkapazit\u00e4t, die dem kleinen &#34;PocketGPS&#160;S1&#160;(PG-S1)&#34; zur Verf\u00fcgung steht, ist bei dessen Erscheinen um ein Vielfaches gr\u00f6\u00dfer als bei den meisten GPS-Loggern mit MediaTek-II-Chipsatz. Der ca. 1600 MByte gro\u00dfe Speicher macht auch bei ihm Funktionen m\u00f6glich (in <a href=\"https:\/\/gps.hillclimb.de\/?page_id=642#funktionen\">dieser \u00dcbersicht<\/a> aufgez\u00e4hlt), die man bis dahin eher von gr\u00f6\u00dferen Ger\u00e4ten kannte.<\/p>\n<p style=\"margin-top: 0px;margin-bottom: 8px;\">Einige Gegebenheiten des PocketGPS S1 als Logger im Zusammenhang mit dem gro\u00dfen Speicher sind:<\/p>\n<ul style=\"margin-top: 0px;margin-bottom: 8px;\">\n<li>Der Speicher ist anders als bei Ger\u00e4ten mit entnehmbarer Standard-Speicherkarte, f\u00fcr die man einen separaten (USB-)Kartenleser ben\u00f6tigt, fest eingebaut, und der Zugang vom Rechner des Anwenders zum Speicher erfolgt zuverl\u00e4ssig \u00fcber den USB-Anschluss, wobei der Speicher als USB-Massenspeicher organisiert ist. <\/li>\n<li>Der reichhaltige Speicherplatz macht auf Platzersparnis ausgelegte Formate f\u00fcr die Logdatei, mit denen man unbedingt auf speziell angepasste Software angewiesen ist, entbehrlich.\n<\/li>\n<\/ul>\n<\/td>\n<p style=\"margin-top: 0px;margin-bottom: 12px;\">F\u00fcr die Firmware eines GPS-Loggers einschlie\u00dflich der Auslegung seines Datenspeichers als USB-Massenspeicher er\u00f6ffnet ein reichhaltiger Speicherplatz gro\u00dfz\u00fcgige M\u00f6glichkeiten. Au\u00dferdem unterscheidet sich das &#8221;PocketGPS S1&#8221; mit dieser Art der Schnittstelle f\u00fcr den Datenaustausch ganz wesentlich von der Datenschnittstelle der bis zu seinem Erscheinen bekannten mehr oder weniger zu iBlue747\/QSTARZ kompatiblen GPS-Logger mit Mediatek-Chips\u00e4tzen. Dieses Lesen von Logs (aus dem Logger) sowie das Schreiben von GPS-Dateien f\u00fcr den Track-Wiedergabe-Modus (in den Datenspeicher des Loggers &#8211; auch beliebiger anderer Dateien) verl\u00e4uft zum einen \u00e4u\u00dferst z\u00fcgig und ist zum anderen f\u00fcr alle Betriebssysteme geeignet, die mit einem USB-Massenspeicher &#8221;umgehen k\u00f6nnen&#8221;. An die Stelle propriet\u00e4rer Bedienprogramme der Hersteller, die oft allein nur Windows-Umgebungen ber\u00fccksichtigen, tritt der Dateimanager des jeweiligen Rechners.<\/p>\n<hr style=\"margin-top: 24px;margin-bottom: 6px;text-align:left;margin-left:0;width:30%;\">\n<p style=\"margin-top: 0px;margin-bottom: 12px;\">Klaus Dannowski <br \/><small>Eintrag erstellt am 3O.O1.2O12<\/small> <\/p>\n","protected":false},"excerpt":{"rendered":"<p>Letzte &Auml;nderung am 21.05.2021 Das PocketGPS&#160;S1 kann sowohl als GPS-Logger, also als eigenst\u00e4ndiges Ger\u00e4t mit eigenem Speicher, als auch als GPS-Empf\u00e4nger eingesetzt werden. Im Betrieb als Empf\u00e4nger stellt es an seiner USB-Buchse f\u00fcr die Verarbeitung in einem separaten Ger\u00e4t (Smartphone, Tablet, Notebook, PC usw.) serielle zeitnahe GPS-Daten, wie bei allen GPS-Empf\u00e4ngern als Quasi-Standard \u00fcblich, im [&hellip;]<\/p>\n","protected":false},"author":2,"featured_media":0,"parent":0,"menu_order":5,"comment_status":"closed","ping_status":"open","template":"","meta":{"footnotes":""},"class_list":["post-1187","page","type-page","status-publish","hentry"],"_links":{"self":[{"href":"https:\/\/gps.hillclimb.de\/index.php?rest_route=\/wp\/v2\/pages\/1187","targetHints":{"allow":["GET"]}}],"collection":[{"href":"https:\/\/gps.hillclimb.de\/index.php?rest_route=\/wp\/v2\/pages"}],"about":[{"href":"https:\/\/gps.hillclimb.de\/index.php?rest_route=\/wp\/v2\/types\/page"}],"author":[{"embeddable":true,"href":"https:\/\/gps.hillclimb.de\/index.php?rest_route=\/wp\/v2\/users\/2"}],"replies":[{"embeddable":true,"href":"https:\/\/gps.hillclimb.de\/index.php?rest_route=%2Fwp%2Fv2%2Fcomments&post=1187"}],"version-history":[{"count":10,"href":"https:\/\/gps.hillclimb.de\/index.php?rest_route=\/wp\/v2\/pages\/1187\/revisions"}],"predecessor-version":[{"id":9924,"href":"https:\/\/gps.hillclimb.de\/index.php?rest_route=\/wp\/v2\/pages\/1187\/revisions\/9924"}],"wp:attachment":[{"href":"https:\/\/gps.hillclimb.de\/index.php?rest_route=%2Fwp%2Fv2%2Fmedia&parent=1187"}],"curies":[{"name":"wp","href":"https:\/\/api.w.org\/{rel}","templated":true}]}}