{"id":200,"date":"2010-02-19T21:59:37","date_gmt":"2010-02-19T20:59:37","guid":{"rendered":"http:\/\/gps.hillclimb.de\/?page_id=200"},"modified":"2022-11-05T20:16:45","modified_gmt":"2022-11-05T19:16:45","slug":"200-2","status":"publish","type":"page","link":"https:\/\/gps.hillclimb.de\/?page_id=200","title":{"rendered":"Beispiel-Dateien zur Gestaltung der kml-Wegpunkt-Icons"},"content":{"rendered":"<p style=\"margin-top: -12px;margin-bottom: 26px;font-size:0.7em;\">Letzte &Auml;nderung am 18.04.2017<\/p>\n<p style=\"margin-top: 0px;margin-bottom: 4px;\">\nNachfolgend f&uuml;nf Gestaltungs-Beispiele mit unterschiedlichen Formatierungen der Trackpunkte<\/p>\n<p style=\"margin-top: 0px;margin-bottom: 6px;\">\n&nbsp;&nbsp;&nbsp;&nbsp;mit herk&ouml;mmlicher Formatierung, mit Zeitstempeln<\/p>\n<p style=\"margin-top: 0px;margin-bottom: 2px;\">\n&nbsp;&nbsp;sowie &#8211; mit versteckter Icon-Beschriftung &#8211;<\/p>\n<p style=\"margin-top: 0px;margin-bottom: 2px;\">\n&nbsp;&nbsp;&nbsp;&nbsp;Icons ohne Zeitstempel<\/p>\n<p style=\"margin-top: 0px;margin-bottom: 2px;\">\n&nbsp;&nbsp;&nbsp;&nbsp;Icons ohne und mit Zeitstempeln,<\/p>\n<p style=\"margin-top: 0px;margin-bottom: 2px;\">\n&nbsp;&nbsp;&nbsp;&nbsp;sowohl normal sichtbare als auch versteckte Icons mit Zeitstempeln,<\/p>\n<p style=\"margin-top: 0px;margin-bottom: 2px;\">\n&nbsp;&nbsp;&nbsp;&nbsp;wiederum sowohl normal sichtbare als auch versteckte Icons,<\/p>\n<p style=\"margin-top: 0px;margin-bottom: 6px;\">\n&nbsp;&nbsp;&nbsp;&nbsp;&nbsp;&nbsp;teils mit Zeitstempeln, aber in separaten Foldern.<\/p>\n<p style=\"margin-top: 0px;\">\nDurch Anklicken der jeweiligen nachfolgenden Links &ouml;ffnet sich die Trackdarstellung im GE-Viewer.<\/p>\n<p>\nBei dem <a href=\"https:\/\/gps.hillclimb.de\/kmz\/zubri_herkoemmlich.kmz\">Beispiel mit unvorteilhafter, herk&ouml;mmlicher Formatierung<\/a> erscheint nach dem &Ouml;ffnen im Google Earth-Viewer die Tracklinie (andere unvorteilhafte Bildbeispiele siehe im GE-Outreach-Tutorial &#34;<a href=\"https:\/\/www.google.com\/earth\/outreach\/learn\/importing-global-positioning-systems-gps-data-in-google-earth\/\" target=\"_blank\" rel=\"noopener\">GPS-Daten in Google Earth importieren<\/a>&#34;). Weil im  &#34;Orte&#34;-Fenster (in der Seitenleiste) der Folder &#8221;Trackpoints&#8221; aktiviert ist (H\u00e4kchen im K\u00e4stchen links neben dem Foldernamen) und die Trackpunkte mit Zeitstempeln versehen sind, zeigt sich au\u00dferdem der Zeit-Schieberegler (zur Handhabung siehe z.&#160;B. Seite&#160;25 von &#34;<a href=\"http:\/\/www.gps-reutlingen.de\/dav\/Google_Earth-Training.pdf\" target=\"_blank\" rel=\"noopener\">Heilig,&#160;A.:&#160;Google&#160;Earth&#160;Training<\/a>&#34; oder, ausf\u00fchrlicher, im Eintrag &#34;<a href=\"https:\/\/gps.hillclimb.de\/?page_id=9433\">Der Zeitschieberegler von Google Earth<\/a>&#34;). In neueren Programmversionen von GE (mit Sicherheit ab den 6er Versionen) stellt sich dessen Zeitintervall automatisch so ein, dass alle mit Zeitstempeln versehenen Punkte einer GE-Datei, die einzeln oder gemeinsam in einem Folder ausgew\u00e4hlt sind, erfasst werden. Dabei werden auch alle weiteren aktivierten Objekte des Orte-Fensters, die mit Zeitstempeln versehen sind (nicht nur der Dateien in &#8221;Tempor&auml;re Orte&#8221; einschlie&szlig;lich der aktuellen, sondern auch der bereits in &#8221;Meine Orte&#8221; gespeicherten Dateien), ber&uuml;cksichtigt. Ein Betrachter, der die Bedienung kennt, kann mit der Einstellm&ouml;glichkeit des Zeitschiebereglers festlegen, welche Trackpunkte auf dem Bildschirm erscheinen, und durch Anklicken von Trackpunkten auch die Informationen in deren Trackpunkt-Beschreibungen sehen. In diesem Beispiel sind die Trackpunkte-Abst&auml;nde sehr klein und die Trackpunkte-Beschriftungs-Texte lang. Das kann den Blick auf die eigentliche 2D-\/3D-Ansicht betr&auml;chtlich behindern. Dann empfiehlt es sich, ein m&ouml;glichst kleines Zeitintervall zu w&auml;hlen. Durch Schieben am rechten Griff des Schiebereglers l\u00e4sst sich seine Lage ver\u00e4ndern.<\/p>\n<p>\nIm <a href=\"https:\/\/gps.hillclimb.de\/kmz\/zubri_alle_ohne_TimeStamp.kmz\">n&auml;chsten Beispiel<\/a> (wie auch den weiteren) mit versteckter Icon-Beschriftung haben die Trackpunkte keine Zeitstempel, so dass sie vollz&auml;hlig zu sehen sind und der Track als Punkteschlange erscheint. Mit dem Mauszeiger holt man den Beschriftungstext hervor. Wenn die Punktabst&auml;nde auf dem Bildschirm sehr klein sind, geschieht das f&uuml;r mehrere Punkte gleichzeitig. Mit dem Links-Klick &ouml;ffnet sich zun&auml;chst eine Rosette aus vielen beschrifteten Punkten. Mit einem weiteren Klick auf einen davon wird dann dessen Info-Pop-up angezeigt. F&uuml;r eine gezielte Auswahl zoomt man sich am besten st&auml;rker hinein.<\/p>\n<p>\nIn <a href=\"https:\/\/gps.hillclimb.de\/kmz\/zubri_ohne_und_mitTmStmp.kmz\">diesem Beispiel<\/a> sind nach dem &Ouml;ffnen in Google Earth &auml;hnlich dem zweiten Beispiel sofort alle jene Icons zu sehen, zu denen kein Zeitstempel eingetragen ist. Zwischen diesen liegen jedoch Icons mit Zeitstempeln, was dazu f&uuml;hrt, dass der Zeitschieberegler auf dem Bildschirm erscheint. Durch Ziehen mit der Maus an dessen &#34;Griffen&#34; lassen sich auch diese Icons hervorholen oder zum Verschwinden bringen. Schiebt man dann den Mauszeiger &uuml;ber ein solches Icon, erscheint wieder dessen Beschriftungstext.<\/p>\n<p>\nDie <a href=\"https:\/\/gps.hillclimb.de\/kmz\/zubri_sichtbare_und_versteckte_mitTimeStamp.kmz\">Variante mit normal sichtbaren und versteckten Icons<\/a> ist so ausgelegt, dass beim &Ouml;ffnen in Google Earth zun&auml;chst allein der Pfad erscheint, allerdings zusammen mit dem Zeitschieberegler. Bei neueren GE-Versionen tauchen anschlie&szlig;end wiederum nacheinander automatisch alle mit Zeitstempeln versehenen Icons auf. Andernfalls wird der Zeitregler wie bei den anderen Beispielen bedient. Zun\u00e4chst werden relativ weit auseinanderliegende Trackpunkt-Icons &#8211; wiederum mit verstecktem Beschriftungstext &#8211; sichtbar. Durch Ziehen an den Regler-Griffen legt man einen Zeitabschnitt fest. Bewegen des Maus-Zeigers l&auml;ngs des Tracks holt dann zwischen den bereits sichtbaren Icons zus&auml;tzliche mit Beschriftungstext versehene Icons aus ihrem Versteck hervor. Auch hier &ouml;ffnet Anklicken das Info-Fenster mit den ausf&uuml;hrlichen Angaben zum betreffenden Punkt.<\/p>\n<p style=\"margin-top: 0px;margin-bottom: 6px;\">\nErweitertes Eingreifen in die Darstellung im Google Earth-Viewer gestattet dem Nutzer die <a href=\"https:\/\/gps.hillclimb.de\/kmz\/zubri_separate_folder.kmz\">Variante mit separaten Punkte-Foldern<\/a>. Die &lt;visibility&gt;-Einstellungen sind so gew&auml;hlt, dass beim \u00d6ffnen der Datei durch Aufsuchen mit dem Mauszeiger die Beschreibungen der sofort sichtbaren Punkte hervorgeholt werden k&ouml;nnen und zwischen diesen Punkten weitere Punkte, ebenfalls mit ihrer Beschriftung. In beiden F&auml;llen &ouml;ffnet der Maus-Klick das Info-Pop-up mit den ausf&uuml;hrlichen Angaben zum jeweiligen Punkt. Zus&auml;tzlich k&ouml;nnen im Orte-Fenster durch Anklicken der zugeh&ouml;rigen Checkbox-Quadrate die einzelnen Punkte-Ordner hinzu- und weggeschaltet werden. Die Sichtbarkeit der mit Zeitstempeln versehenen Punkte l&auml;sst sich wiederum mit dem Zeitschieberegler steuern, der beim Ausw\u00e4hlen eines solchen Punkte-Ordners erscheint.<\/p>\n<p style=\"margin-top: 0px;margin-bottom: 6px;\">\nDie zugeh&ouml;rige Log-Datei stammt aus einem WBT-100 (Fa. Wintec). Dabei sind in diesem Gel&auml;nde die Unterschiede der H&ouml;henangaben aus dem Logger zu den H&ouml;hen-Werten der SRTM-Daten, die weitgehend mit denen des H&ouml;henmodells von Google Earth &uuml;bereinstimmen, gar nicht besonders gro&szlig;. Um diese sichtbar zu machen schaltet man im Fenster &#8221;Ebenen&#8221; links in der Seitenleiste &#8221;Prim&auml;re Datenbank &gt; Gel&auml;nde&#8221; ein&#160; &#8211; der H&ouml;henwert am Gel\u00e4ndepunkt der jeweiligen Maus-Position erscheint unten neben den Koordinatenwerten. Oder man w\u00e4hlt per Rechtsklick auf &#8221;Track&#8221; im Ortefenster &#8221;H&ouml;henprofil anzeigen&#8221; &#8211; ebenfalls mit zusammenfassenden H&ouml;henangaben. Au&szlig;erdem enth&auml;lt diese Google Earth-Datei links bei &#8221;Tempor&auml;re Orte&#8221; einen Link &#8221;Strecken-Angaben&#8221;. Anklicken &ouml;ffnet ein Fenster mit einer Zusammenfassung, mit &#8211; neben anderen Angaben &#8211; ebenfalls dieser Gegen&uuml;berstellung. <\/p>\n<hr style=\"margin-top: 24px;margin-bottom: 6px;text-align:left;margin-left:0;width:30%;\">\n<p style=\"margin-top: 0px;margin-bottom: 12px;\">Klaus Dannowski &#8211; <a href=\"https:\/\/gps.hillclimb.de\/?page_id=9788\">Klaus&#8216; GPS-Ecke<\/a> <br \/><small>22.O6.2OO9<\/small> <\/p>\n","protected":false},"excerpt":{"rendered":"<p>Letzte &Auml;nderung am 18.04.2017 Nachfolgend f&uuml;nf Gestaltungs-Beispiele mit unterschiedlichen Formatierungen der Trackpunkte &nbsp;&nbsp;&nbsp;&nbsp;mit herk&ouml;mmlicher Formatierung, mit Zeitstempeln &nbsp;&nbsp;sowie &#8211; mit versteckter Icon-Beschriftung &#8211; &nbsp;&nbsp;&nbsp;&nbsp;Icons ohne Zeitstempel &nbsp;&nbsp;&nbsp;&nbsp;Icons ohne und mit Zeitstempeln, &nbsp;&nbsp;&nbsp;&nbsp;sowohl normal sichtbare als auch versteckte Icons mit Zeitstempeln, &nbsp;&nbsp;&nbsp;&nbsp;wiederum sowohl normal sichtbare als auch versteckte Icons, &nbsp;&nbsp;&nbsp;&nbsp;&nbsp;&nbsp;teils mit Zeitstempeln, aber in separaten Foldern. [&hellip;]<\/p>\n","protected":false},"author":2,"featured_media":0,"parent":701,"menu_order":25,"comment_status":"closed","ping_status":"open","template":"","meta":{"footnotes":""},"class_list":["post-200","page","type-page","status-publish","hentry"],"_links":{"self":[{"href":"https:\/\/gps.hillclimb.de\/index.php?rest_route=\/wp\/v2\/pages\/200","targetHints":{"allow":["GET"]}}],"collection":[{"href":"https:\/\/gps.hillclimb.de\/index.php?rest_route=\/wp\/v2\/pages"}],"about":[{"href":"https:\/\/gps.hillclimb.de\/index.php?rest_route=\/wp\/v2\/types\/page"}],"author":[{"embeddable":true,"href":"https:\/\/gps.hillclimb.de\/index.php?rest_route=\/wp\/v2\/users\/2"}],"replies":[{"embeddable":true,"href":"https:\/\/gps.hillclimb.de\/index.php?rest_route=%2Fwp%2Fv2%2Fcomments&post=200"}],"version-history":[{"count":10,"href":"https:\/\/gps.hillclimb.de\/index.php?rest_route=\/wp\/v2\/pages\/200\/revisions"}],"predecessor-version":[{"id":10701,"href":"https:\/\/gps.hillclimb.de\/index.php?rest_route=\/wp\/v2\/pages\/200\/revisions\/10701"}],"up":[{"embeddable":true,"href":"https:\/\/gps.hillclimb.de\/index.php?rest_route=\/wp\/v2\/pages\/701"}],"wp:attachment":[{"href":"https:\/\/gps.hillclimb.de\/index.php?rest_route=%2Fwp%2Fv2%2Fmedia&parent=200"}],"curies":[{"name":"wp","href":"https:\/\/api.w.org\/{rel}","templated":true}]}}