{"id":655,"date":"2011-11-03T18:59:57","date_gmt":"2011-11-03T17:59:57","guid":{"rendered":"http:\/\/gps.hillclimb.de\/?page_id=655"},"modified":"2023-11-16T14:40:11","modified_gmt":"2023-11-16T13:40:11","slug":"655-2","status":"publish","type":"page","link":"https:\/\/gps.hillclimb.de\/?page_id=655","title":{"rendered":"PocketGPS\u00a0S1 &#8211; Kurzer &Uuml;berblick zur Technik; Technische Daten"},"content":{"rendered":"<p style=\"margin-top: -12px;margin-bottom: 26px;font-size:0.7em;\">Letzte &Auml;nderung am 16.02.2017<\/p>\n<p style=\"margin-top: 0px;margin-bottom: 6px;\">&nbsp;&nbsp;&nbsp;&nbsp;Das hier beschriebene PG-S1 tr\u00e4gt die Modellbezeichung PocketGPS&#160;S1-BL. Seine Firmware hat den bei der Auslieferung Oktober 2011 aktuellen (und wohl endg\u00fcltig letzten<a href=\"#fussnote_fw\" ><sup><b>Anm1<\/b><\/sup><\/a>) Stand &#8222;11.08.16&#8220; (entsprechend <kbd>JJ.MM.DD<\/kbd>; mindestens die sechste FW-Version); GPSView (Transystem Inc.) meldet <kbd>\"AXN_1.30.0000, ,\"<\/kbd>. <\/p>\n<p style=\"margin-top: 0px;margin-bottom: 6px;\">&nbsp;&nbsp;&nbsp;&nbsp;Die Ausstattung des GPS-Logger-Teils beruht auf dem GPS-Chip MT3329 (MTKII) von MediaTek. F\u00fcr seine Firmware und die Steuerung ist ihm im fest eingebauten, 2 GB umfassenden Speicher ein separater Bereich zugeordnet. <\/p>\n<p style=\"margin-top: 0px;margin-bottom: 6px;\">&nbsp;&nbsp;&nbsp;&nbsp;Weiterhin verspricht die Beschreibung des PG-S1 ein kontrastreiches und lichtstarkes OLED-Display, ein Sprach-Memo und einen MP3-Player. <\/p>\n<p style=\"margin-top: 0px;margin-bottom: 6px;\">&nbsp;&nbsp;&nbsp;&nbsp;Die verbleibenden 1,54 GB des Speichers sind als FAT32 formatiertes USB-Laufwerk konfiguriert. Hier findet der Benutzer die vom Loggerteil abgelegten Logdateien vor. Weiterhin kann er hier Dateien f\u00fcr eine Kartenansicht des Ger\u00e4tes und Files f\u00fcr den MP3-Player ablegen oder auch anderweitig frei \u00fcber den Speicherplatz verf\u00fcgen. <\/p>\n<p style=\"margin-top: 0px;margin-bottom: 6px;\">&nbsp;&nbsp;&nbsp;&nbsp;Bedient wird das PocketGPS_S1 mit drei Tastern (<kbd>\"OK\"<\/kbd>, <kbd>\"MODE\"<\/kbd> und <kbd>\"LAP\"<\/kbd>) auf der Displayseite, einer seitlichen Taste f\u00fcr den Audio-Recorder (<kbd>\"REC\"<\/kbd>) sowie einem f\u00fcr Logger- und Recorderteil gemeinsamen, ebenfalls seitlichen Wippentaster (&#34;+&#34;, &#34;&#8211;&#34;). Besonders im Logger-Modus sehr angenehm: eine einschaltbare Sperre f\u00fcr die Taster &#8211; Ausnahmen: Jeder Taster schaltet das Display ein; mit dem <kbd>OK<\/kbd>-Taster kommt man zur Entriegelungsfunktion der Taster sowie zum Ausschalten des Loggers.<\/p>\n<p style=\"margin-top: 0px;margin-bottom: 6px;\">&nbsp;&nbsp;&nbsp;&nbsp;Als Signalverbindung des PG-S1 mit der Au\u00dfenwelt verf\u00fcgt der Loggerteil \u00fcber eine Mini-USB-Buchse, f\u00fcr den Audio-Teil \u00fcber ein eingebautes Mikrofon und eine Kopfh\u00f6rerbuchse. Au&szlig;erdem sind ein Luftdruck-, ein Beschleunigungssensor und ein Kompasssensor eingebaut.<\/p>\n<p style=\"margin-top: 0px;margin-bottom: 6px;\">&nbsp;&nbsp;&nbsp;&nbsp;Mit Bet\u00e4tigen des <kbd>MODE<\/kbd>-Tasters werden aufeinanderfolgend sieben Modi durchlaufen,<br \/>sechs davon mit reiner Anzeigefunktion<br \/>&nbsp;&nbsp;&nbsp;&nbsp;Grund-Modus (<kbd>\"Basic Mode\"<\/kbd>),<br \/>&nbsp;&nbsp;&nbsp;&nbsp;Fahrrad-\/Trainings-Modus (<kbd>\"Bicycle\/Exercise Mode\"<\/kbd>),<br \/>&nbsp;&nbsp;&nbsp;&nbsp;H\u00f6hen-Modus (<kbd>\"Altitude Mode\"<\/kbd>),<br \/>&nbsp;&nbsp;&nbsp;&nbsp;Kompass-Modus (<kbd>\"Compass Mode\"<\/kbd>),<br \/>&nbsp;&nbsp;&nbsp;&nbsp;Track-\/Karten-Modus,<br \/>&nbsp;&nbsp;&nbsp;&nbsp;Satelliten-Modus,<br \/>ein siebenter zum Konfigurieren der Anzeigefunktionen und Log-Parameter<br \/>&nbsp;&nbsp;&nbsp;&nbsp;Menue-Modus (&#8222;Menu Mode&#8220; \u00dcberschrift <kbd>\"Select Menu\"<\/kbd>).<\/p>\n<p style=\"margin-top: 0px;margin-bottom: 6px;\">&nbsp;&nbsp;&nbsp;&nbsp;Zu den meisten Modi geh\u00f6ren mehrere Ansichten des Displays, im &#8222;Menu Mode&#8220; Untermen\u00fcs, mit mehreren Ebenen (Aufruf im jeweiligen Men\u00fc mit der <kbd>OK<\/kbd>-Taste, zur\u00fcck mit der <kbd>\"MODE\"<\/kbd>-Taste).<\/p>\n<p style=\"margin-top: 0px;margin-bottom: 6px;\">&nbsp;&nbsp;&nbsp;&nbsp;Die ermittelten Positionsangaben stellt das PocketGPS_S1 dem Benutzer auf dreierlei Art zur Verf\u00fcgung:<br \/>&nbsp;&nbsp;&nbsp;&nbsp;<strong>visuell (Zahlenwerte \/ Grafiken)<\/strong><br \/>&nbsp;&nbsp;&nbsp;&nbsp;&#8211; in nach unterschiedlichen Kriterien aufbereiteten Display-Ansichten,<br \/>&nbsp;&nbsp;&nbsp;&nbsp;<strong>in Gestalt von  Daten<\/strong> (Datenformate <a href=\"https:\/\/gps.hillclimb.de\/?page_id=1187#dateiaufbau\">siehe hier<\/a>)<br \/>&nbsp;&nbsp;&nbsp;&nbsp;&#8211; in zwei Daten-Moden,<br \/>&nbsp;&nbsp;&nbsp;&nbsp;&nbsp;&nbsp;dem Logger-Modus &#8211; die Daten werden im USB-Massenspeicher <br \/>&nbsp;&nbsp;&nbsp;&nbsp;&nbsp;&nbsp;in Log-Dateien abgelegt,<br \/>&nbsp;&nbsp;&nbsp;&nbsp;&nbsp;&nbsp;dem Empf\u00e4nger-Modus &#8211; die Daten erscheinen als serielle <br \/>&nbsp;&nbsp;&nbsp;&nbsp;&nbsp;&nbsp;Echtzeitdaten am USB-Anschluss.<\/p>\n<p>&nbsp;&nbsp;&nbsp;&nbsp;F\u00fcr die beiden Datenmodi sind zwei Untermen\u00fcs des Men\u00fc-Modus &#8211; Trackeinstellungen (<kbd>\"Select Menu\"<\/kbd> &gt; <kbd>\"5 Settings&amp;Status\"<\/kbd> &gt; <kbd>\"5 Track\"<\/kbd>)  und GPS-Empf\u00e4nger-Einstellungen (<kbd>\"Select Menu\"<\/kbd> &gt; <kbd>\"5 Settings&amp;Status\"<\/kbd> &gt; <kbd>\"10 Ext. GPS Receiver\"<\/kbd>) &#8211; zust\u00e4ndig. Mit diesen Einstellungen wird zugleich festgelegt, wie in den resultierenden vier Zust\u00e4nden (oben rechts am Display angezeigt) die internen Datenschnittstellen miteinander und mit der USB-Buchse verschaltet sind.<\/p>\n<table style=\"background-color:#c3d9b8;width:90%;padding: 2px;\">\n<tr>\n<td style=\"padding-top: 6px;padding-left: 6px;\"><font size=\"2\">Zustand<\/td>\n<td style=\"\">&nbsp;<\/td>\n<td style=\"padding-top: 6px;padding-left: 6px;\"><font size=\"2\">Beschreibung<\/td>\n<\/tr>\n<tr>\n<td style=\"padding-top: 4px;padding-left: 6px;\"><font size=\"2\">log<\/td>\n<td style=\"\">&nbsp;<\/td>\n<td style=\"padding-top: 4px;padding-left: 6px;\"><FONT SIZE=\"2\"><font-size=\"2\"><\/p>\n<p style=\"linehight:120%\">Loggen &#8222;Ein&#8220;<br \/>(Die Positionsangaben im Format des NMEA-Protokolls werden<br \/>zusammen mit Statusangaben und barometrischen Hoehewerten<br \/>in die Log-Datei geschrieben)<\/p>\n<\/td>\n<\/tr>\n<tr>\n<td style=\"padding-top: 6px;padding-left: 6px;\"><font size=\"2\">no log<\/td>\n<td style=\"\"><\/td>\n<td style=\"padding-top: 6px;padding-left: 6px;padding-bottom:6px;\"><font size=\"2\">Loggen &#8222;Aus&#8220;<\/td>\n<\/tr>\n<\/table>\n<p style=\"margin-top: 12px;margin-bottom: 0px;\">Hinweise zu <kbd>\"log\"<\/kbd> und <kbd>\"no log\"<\/kbd><\/p>\n<ul>\n<li>mit den Einstellungen w\u00e4hlbar: <br \/>&nbsp;&nbsp;&nbsp;festeingestellt oder Wechsel<br \/>&nbsp;&nbsp;&nbsp;(gleichbedeutend mit Start Log \/ Stop Log)<br \/>&nbsp;&nbsp;&nbsp;&nbsp;&nbsp;mittels l\u00e4ngerem Dr\u00fccken von <kbd>MODE<\/kbd>\n<\/li>\n<li>\nbeim Verbinden mit einem USB-Port werden <br \/>Display, s\u00e4mtliche Taster, GPS-Modul des PG-S1 <br \/>bei gleichzeitigem Beenden des Loggens abgeschaltet<\/li>\n<li>USB-Buchse: Zugriff zum Massenspeicher<\/li>\n<li>Mit dem PC-Tool (<kbd>\"Settings\"<\/kbd> &gt; <kbd>\"S1 Setting\"<\/kbd>) Zugriff auf die <br \/>Einstellungen von Display-Anzeigen und Log-Konfiguration\n<\/li>\n<\/ul>\n<table style=\"background-color:#c3d9b8;width:40%;padding: 14px;\">\n<tr>\n<td style=\"padding-top: 6px;padding-left: 6px;\">Zustand<\/td>\n<td style=\"\">&nbsp;<\/td>\n<td style=\"padding-top: 6px;padding-left: 6px;\">Beschreibung<\/td>\n<\/tr>\n<tr>\n<td style=\"padding-top: 6px;padding-left: 6px;\">Ext<\/td>\n<td style=\"\">&nbsp;&nbsp;<\/td>\n<td style=\"padding-top: 6px;padding-left: 6px;\">Loggen &#8222;Aus&#8220;<\/td>\n<\/tr>\n<tr>\n<td style=\"padding-top: 6px;padding-left: 6px;padding-bottom: 6px;\">Both<\/td>\n<td style=\"\">&nbsp;<\/td>\n<td style=\"padding-top: 6px;padding-left: 6px;\">Loggen &#8222;Ein&#8220;<\/td>\n<\/tr>\n<\/table>\n<p style=\"margin-top: 12px;margin-bottom: 0px;\">Hinweise zu <kbd>\"Ext\"<\/kbd> und <kbd>\"Both\"<\/kbd><br \/>In beiden Zust\u00e4nden \u00fcber die USB-Buchse:<\/p>\n<ul style=\"margin-bottom: 0px;\">\n<li>Datenausgabe im Format des NMEA-Protokolls<\/li>\n<li>Entgegennahme von Kommandos f\u00fcr den GPS-Modul<\/li>\n<\/ul>\n<p style=\"margin-top: 22px;margin-bottom: 8px;\"><strong>Technische Daten<\/strong><\/p>\n<p>&nbsp;&nbsp;&nbsp;&nbsp;Die nachfolgende Aufstellung entstand aus dem Datenblatt des Herstellers. Dabei wurden einige Angaben aus der Anleitung zum Ger\u00e4t &#8211; Version 2.0 vom ehemaligen Download (&#8222;www.storyish.com\/cuub\/download\/PocketGPS_S1_User_Manual_V2.0_Enalish.zip&#8220; &#8211; &#34;a&#34; statt &#34;g&#34; im Link &#34;soll&#34; so sein<a href=\"#fussnote_1\"><sup><b>Anm2<\/b><\/sup><\/a>) bzw. im Ger\u00e4t mitgelieferte aktuellere Version 3.0, Stand Sept. 2010 &#8211; entnommen, teils aufgrund eigener Erfahrung mit dem Ger\u00e4t, erg\u00e4nzt (<em>kursiv<\/em>).<\/p>\n<table style=\"vertical-align:top; background-color:#c3d9b8; padding: 14px;width:530px;\" border-spacing=\"1\">\n<tr>\n<td style=\"padding-top: 6px;padding-left: 6px;\">Chipsatz<\/td>\n<td style=\"padding-top: 6px;padding-left: 6px;\">Basis MediaTek MT3329<br \/>(<em>MTK II<\/em>)<\/td>\n<\/tr>\n<tr>\n<td style=\"padding-top: 6px;padding-left: 6px;\">Firmware<\/td>\n<td style=\"\">&#8222;11.08.16&#8220;, <em>Version &#8222;AXN_1.30.0000,,&#8220;<\/em>&nbsp;<a href=\"#fussnote_3\" ><sup><b>Anm3<\/b><\/sup><\/a>)<\/td>\n<\/tr>\n<tr>\n<td style=\"padding-top: 6px;padding-left: 6px;\">Kan\u00e4le<\/td>\n<td style=\"\">66  parallel<\/td>\n<\/tr>\n<tr>\n<td style=\"padding-top: 6px;padding-left: 6px;\"><\/td>\n<td style=\"\"><\/td>\n<\/tr>\n<tr>\n<td style=\"padding-top: 6px;padding-left: 6px;\">Empfindlichkeit<br \/>Genauigkeit<br \/>Kaltstart (<em>Warmstart<\/em>?)<br \/> Hei&szlig;start<br \/>&nbsp;<\/td>\n<td style=\"\"> -165 dBm (Tracking)<br \/>&lt; 3m (50 % CEP &#8211; ohne SA)<br \/>&lt; 36 Sekunden<br \/>&lt; 1 Sekunde<br \/><em>(Werte vom Chipsatzhersteller)<\/em><\/td>\n<\/tr>\n<tr>\n<td style=\"vertical-align:top;padding-top: 6px;padding-left: 6px;\">Zusatzfunktion<\/td>\n<td style=\"padding-top: 6px;padding-left: 6px;\">AGPS <em>(offline \/EPO-File\/<br \/>Internet-Update mit Zusatzprogramm)<\/em> [<a href=\"#verweis_1\">1<\/a>]<\/td>\n<\/tr>\n<tr>\n<td style=\"vertical-align:top;padding-top: 6px;padding-left: 6px;\">Flash-Speicher<br \/><em>(fest eingebaut)<\/em><\/td>\n<td style=\"padding-top: 6px;padding-left: 6px;\">2 GB<br \/><em>davon f\u00fcr den Anwender ca. 1,6 GB als<br \/>USB-Laufwerk (Dateiformat FAT32\/512 Byte\/Sektor<\/em>)<br \/> verf\u00fcgbar<\/td>\n<\/tr>\n<tr>\n<td style=\"vertical-align:top; padding-top: 6px;padding-left: 6px;\">Display<\/td>\n<td style=\"padding-top: 6px;padding-left: 6px;\">Farb-OLED 128 \u00d7 128 pixel<br \/>27,2*27,2 mm\u00b2 (1,5&#8243;)<br \/><em>Anzeigedauer einstellbar<br \/>5 \/ 10 \/ 20 \/ 30 s \/ st\u00e4ndig<\/em><\/td>\n<\/tr>\n<tr>\n<td style=\"vertical-align:top;padding-top: 6px;padding-left: 6px;\"><em>Bedienelemente<\/em><\/td>\n<td style=\"vertical-align:top; padding-top: 6px;padding-left: 6px;\"><em>Tipptaste &#8222;OK&#8220;<br \/>Tipptaste &#8222;MODE&#8220;, Tipptaste &#8222;LAP&#8220;,<br \/>Wipptaster &#8222;+ \/ -&#8222;, Tipptaste &#8222;REC&#8220;<br \/>Tasten sperrbar<\/em>&nbsp;&nbsp;[<a href=\"#verweis_2\">2<\/a>]<\/td>\n<\/tr>\n<tr>\n<td style=\"padding-top: 6px;padding-left: 6px;\">USB-Buchse (Mini)<\/td>\n<td style=\"padding-top: 6px;padding-left: 6px;\">USB 2.0 High Speed<\/td>\n<\/tr>\n<tr>\n<td style=\"padding-top: 6px;padding-left: 6px;\">&nbsp;&nbsp;<em>Funktion<br \/>&nbsp;&nbsp;&nbsp;im Empf\u00e4nger-<br \/>&nbsp;&nbsp;&nbsp;Modus<\/em><\/td>\n<td style=\"padding-top: 6px;padding-left: 6px;\">&nbsp;<em>Echtzeitdatenschnittstelle<br \/>NMEA-0183 (Version 3.01):<br \/>GGA, GSA, GSV, RMC<\/em>&nbsp;&nbsp; [<a href=\"#verweis_3\">3<\/a>]<br \/><em>Zeilen mit Lap-, Way-Point-Kennung<\/em><\/td>\n<\/tr>\n<tr>\n<td style=\"padding-top: 6px;padding-left: 6px;\">&nbsp;&nbsp;<em>Funktion<br \/>&nbsp;&nbsp;&nbsp;im Logger-Modus<\/em><\/td>\n<td style=\"padding-top: 6px;padding-left: 6px;\">&nbsp;<em>Zugang zum USB-Laufwerk 1,6 GB<\/em><\/td>\n<\/tr>\n<tr>\n<td style=\"vertical-align:top;padding-top: 6px;padding-left: 6px;\">&nbsp;&nbsp;&nbsp;<em>Logformat<br \/>&nbsp;<br \/>&nbsp;&nbsp;&nbsp;Log-Parameter<br \/> (&#8222;User Defined Mode&#8220;)<br \/>&nbsp;&nbsp;&nbsp;&nbsp;Zeitraster<br \/>&nbsp;&nbsp;&nbsp;oder<br \/>&nbsp; &nbsp;&nbsp;&nbsp;Wegraster<\/em><\/td>\n<td style=\"vertical-align:top;padding-top: 6px;padding-left: 6px;\"><em>wie Echtzeitdaten, zus\u00e4tzlich<br \/>&nbsp;&nbsp;&nbsp;herstellerspezifisch:&nbsp;@CBDBG <\/em>[<a href=\"#verweis_3\">3<\/a>]<em><\/p>\n<p>&nbsp;<br \/>1 \/ 5 \/ 10 \/ 20 \/ 30 \/ 45 \/ 60 \/ 120 s<br \/>&nbsp;<br \/>10 \/ 20 \/ 50 \/ 100 \/ 200 \/<br \/>&nbsp;&nbsp;&nbsp;&nbsp;&nbsp;&nbsp;&nbsp;&nbsp;&nbsp;&nbsp;&nbsp;&nbsp;500 \/ 1000 \/ 2000&nbsp;m<\/em><\/td>\n<\/tr>\n<tr>\n<td style=\"padding-top: 6px;padding-left: 6px;\"><em>PC-Software<\/em><\/td>\n<td style=\"padding-top: 6px;padding-left: 6px;\"><em>Cuu:B PC Tool &#8222;Storyish Program&#8220;  <\/em>[<a href=\"#verweis_4\">4<\/a>]<em><br \/>Windows XP \/ Vista \/ 7<\/em><\/td>\n<\/tr>\n<tr>\n<td style=\"padding-top: 6px;padding-left: 6px;\"><em>Formatumsetzung in<\/em><\/td>\n<td style=\"padding-top: 6px;padding-left: 6px;\"><em>KML\/KMZ, GPX, EXCEL (.csv)<\/em><\/td>\n<\/tr>\n<tr>\n<td style=\"padding-top: 6px;padding-left: 6px;\"><em>Bedienung von<br \/>&nbsp;&nbsp;Ger\u00e4teeinstellungen<\/em><\/td>\n<td style=\"padding-top: 6px;padding-left: 6px;\"><em>(nur im Loggermodus)<\/em><\/td>\n<\/tr>\n<tr>\n<td style=\"padding-top: 6px;padding-left: 6px;\">Geotag-Funktion<\/td>\n<td style=\"padding-top: 6px;padding-left: 6px;\">JPEG  Exif (&gt;= 2.1)<br \/>&nbsp;<\/td>\n<tr>\n<td style=\"vertical-align:top;padding-top: 6px;padding-left: 6px;\">Stromversorgung<\/td>\n<td style=\"padding-top: 6px;padding-left: 6px;\">Eingebauter Lithium-Polymer-Akku<br \/> (1000 mAh)<\/td>\n<\/tr>\n<tr>\n<td style=\"vertical-align:top;padding-top: 6px;padding-left: 6px;\">Batterie-Laufzeit<br \/>&nbsp;(betrift nur<br \/>&nbsp;Logger-Modus)<\/td>\n<td style=\"padding-top: 6px;padding-left: 6px;\">ca. 16 h (Herstellerangabe:<br \/>&nbsp;&nbsp;&#8222;abh\u00e4ngig von Betriebsweise &#8211;<br \/>&nbsp;&nbsp;Depending on Usage&#8220;)&nbsp;&nbsp;<a href=\"#fussnote_3\" ><sup><b>Anm3<\/b><\/sup><\/a>)<\/td>\n<\/tr>\n<tr>\n<td style=\"vertical-align:top;padding-top: 6px;padding-left: 6px;\">Batteriestand-Anzeige<\/td>\n<td style=\"vertical-align:top;padding-top: 6px;padding-left: 6px;\">Symbol im Display<br \/>&nbsp;&nbsp;(20&thinsp;\/&thinsp;40&thinsp;\/&thinsp;60&thinsp;\/&thinsp;80&thinsp;\/&thinsp;100 %)<\/td>\n<\/tr>\n<tr>\n<td style=\"vertical-align:top;padding-top: 6px;padding-left: 6px;\">Akkuladung<\/td>\n<td style=\"vertical-align:top;padding-top: 6px;padding-left: 6px;\">\u00dcber USB-Buchse<br \/>&nbsp;&nbsp;(PC oder externe Stromquelle)<br \/>&nbsp;&nbsp;ca. 4 bis 5 h<\/td>\n<\/tr>\n<tr>\n<td style=\"vertical-align:top;padding-top: 6px;padding-left: 6px;\">Zus\u00e4tzliche Bestandteile<\/td>\n<td style=\"padding-top: 6px;padding-left: 6px;\">Elektronischer Kompass,<br \/>Luftdrucksensor<br \/>&nbsp;&nbsp;(Relative Altitude: +\/-0,5 m),<br \/>Drei-Achsen-Beschleunigungs-Sensor<br \/>(<em>&#8222;Auto Pause On&#8220;:<br \/> &nbsp;&nbsp;&nbsp;&nbsp;&nbsp;Log Stop 2 s \/ Start 2 s;<br \/> &nbsp;&nbsp;&nbsp;&nbsp;&nbsp;GPS-Modul Stop 200 s&thinsp;\/&thinsp;Start Hei\u00dfstart<\/em>)<br \/>Sprachrecorder, Mikrofon<br \/>MP3-Player (Buchse 3,5 mm)<\/td>\n<\/tr>\n<tr>\n<td style=\"padding-top: 6px;padding-left: 6px;\">Abmessungen<\/td>\n<td style=\"padding-top: 6px;padding-left: 6px;\">45 \u00d7 67,2 \u00d7 16,4 mm<\/td>\n<\/tr>\n<tr>\n<td style=\"padding-top: 6px;padding-left: 6px;\">Gewicht<\/td>\n<td style=\"padding-top: 6px;padding-left: 6px;\">ca. 56g<\/td>\n<\/tr>\n<tr>\n<td style=\"vertical-align:top;padding-top: 6px;padding-left: 6px;\">Lieferumfang<\/td>\n<td style=\"padding-top: 6px;padding-left: 6px; padding-bottom:6px;\">Kurzbedienanleitung (koreanisch),<br \/>USB-Kabel (A&thinsp;\/&thinsp;Mini-B &#8211; <em>5-polig<\/em>),<br \/>\nHandschlaufe<br \/>Zusatz f\u00fcr Fahrradhalterung<br \/>&nbsp;<br \/>\n<em>im USB-Laufwerk vorhanden:<br \/>&nbsp;&nbsp;&nbsp;&nbsp;&nbsp;&nbsp;&nbsp;&nbsp;&nbsp;&nbsp;Software und Anleitungen<\/em><\/td>\n<\/tr>\n<\/table>\n<h3 style=\"margin-top: 20px;margin-bottom: 6px;\">Anmerkungen <\/h3>\n<hr style=\"margin-top: 0px;margin-bottom: 12px;\">\n<p style=\"margin-top: 0px;margin-bottom: 8px;margin-left: 15px;text-indent: -15px;\"> <strong><sup>Anm1<\/sup><\/strong>&#160; <a id=\"fussnote_fw\" ><\/a>Server &#8221;www.storyish.com&#8221; seit etwa Januar 2013, &#8221;cuub.ko.kr&#8221; seit Fr\u00fchjahr 2014 nicht mehr erreichbar. <\/p>\n<p style=\"margin-top: 0px;margin-bottom: 8px;margin-left: 15px;text-indent: -15px;\"><a id=\"fussnote_1\" ><\/a> <strong><sup>Anm2<\/sup><\/strong>&#160; Einer Mitteilung von Cuu:B vom 06.10.2012 zufolge (Post Nr. 1268 im \/ehemaligen\/ User-Board) war ein Update der aktuellen Firmware (Stand &#34;11.08.16&#34;) des PocketGPS_S1 nicht geplant. Allerdings war mindestens seit April 2013 &#8211; siehe auch <a href=\"#fussnote_1\" >Anmerkung<sup><b>1<\/b><\/sup><\/a> &#8211; der fr\u00fcher bei Cuu:B mehrfach zu findende Download-Link <br \/>&#8221;http:\/\/storyish.com\/cuub\/download\/FW\/PocketGPS_S1_110816_KOR_EndUser.zip&#8221; <br \/>zusammen mit &#8221;http:\/\/storyish.com&#8221; nicht (mehr) erreichbar. Aus mehreren Postings im User-Board (in Korean.) ersichtlich gewesen: Auf Nachfrage wurde dieses Update durch den Support per e-Mail zur Verf\u00fcgung gestellt. <\/p>\n<p style=\"margin-top: 0px;margin-bottom: 8px;margin-left: 15px\">Auf einige alternative Download-M\u00f6glichkeiten wird im Eintrag &#34;<a href=\"https:\/\/gps.hillclimb.de\/?page_id=906\" \/>Tipps zu Informationsm\u00f6glichkeiten \u00fcber den GPS-Logger PocketGPS S1 (PG-S1)<\/a>&#34; der &#34;GPS-Ecke&#34; hingewiesen. <\/p>\n<p style=\"margin-top: 0px;margin-bottom: 8px;margin-left: 15px;text-indent: -15px;\"><a id=\"fussnote_3\" ><\/a><strong><sup>Anm3<\/sup><\/strong>&#160;&nbsp;Im \/ehemaligen\/ Posting 1163 im Cuu:B User Board hatte es einen Hinweis des Herstellers auf die automatische Pausenerkennung gegeben: &#34;Normal sind 10 bis 12 Stunden, mit &#8218;Auto Pause On&#8216; und l\u00e4ngeren Pausen auch \u00fcber 12 Stunden, bei ruhendem Ger\u00e4t dann auch 30 Stunden&#34; (eigenes Ger\u00e4t damit z. B. 27 Stunden). <\/p>\n<p style=\"margin-top: 0px;margin-bottom: 8px;margin-left: 15px\">Beobachtungen am eigenen Ger\u00e4t zu den Auto-Pause-Reaktionszeiten: Nach dem Erreichen des Ruhezustands des Loggers durch Innehalten der Bewegung vergehen einzelne Sekunden, bis zusammen mit dem Umschalten des Ruhesymbols auf dem Display die Eintr\u00e4ge in das Log gestoppt werden. Die Stromaufnahme aus dem Akku durch Abschalten des GPS-Moduls endet nach 200&thinsp;s Ruhe. Ein Beitrag der automatischen Pausenerkennung zu einer gr\u00f6\u00dferen effektiven Betriebsdauer ensteht also erst bei entsprechend l\u00e4ngeren Pausen. Nach einer automatischen Pause ist unbedingt wieder der 3D-Fix abzuwarten mit einem Zeitbedarf etwa gleich dem eines Warmstarts &#8211; Vorteil dieser Automatik letztlich &#34;nur&#34;: Sie erspart das manuelle Anhalten und nachfolgende erneute Starten des Loggens &#8211; beides k\u00f6nnte schnell mal vergessen werden (mit einem aktivierten A-GPS-Modus k\u00f6nnte diese Zeitspanne evtl. k\u00fcrzer ausfallen). <\/p>\n<p style=\"margin-top: 0px;margin-bottom: 8px;margin-left: 15px\">In einer Tabelle auf der ehemaligen CUU:B-Homepage gab es den Hinweis<br \/>&#160; &#8222;12 hours (depend on usage, temperature)&#8220;. <\/p>\n<p style=\"margin-top: 0px;margin-bottom: 8px;margin-left: 15px\">Die Laufzeiten unterliegen Schwankungen. Die Zahl der Logpunkte hat darauf kaum Einfluss, eher evtl. die Gegebenheiten beim Laden, besonders die am automatischen Ende des Ladevorgangs erreichte Batteriespannung. Offensichtliche Folge eines h\u00f6heren Schwierigkeitsgrades der Empfangsgegebenheiten sind zudem vermehrte, mit gr\u00f6\u00dferer Stromaufnahme des GPS-Chips (&#8211;> k\u00fcrzere Batterielaufzeit) einhergehende Suchvorg\u00e4nge bei zugleich gr\u00f6\u00dferer Anzahl von Fehler-Points (u.&#160;a.: Dateil\u00e4nge des Logs nimmt zu) <\/p>\n<p style=\"margin-top: 0px;margin-bottom: 8px;margin-left: 15px\">Erfahrungswerte zur Akkulaufzeit der beiden gelieferten Exemplare (jeweils &#8222;Display Aus&#8220;, &#8222;AutoPause Off&#8220;): <\/p>\n<p style=\"margin-top: 0px;margin-bottom: 8px;margin-left: 15px\">Ger\u00e4t&#160;1 (Seriennummer \u2026961) <br \/>&#160;&#8211; Langzeit-Versuche Dezember 2011 ca. 8&#160;Stunden, <br \/>&#160;&#8211; Langzeitversuch Oktober 2012 ca. 7:45&#160;Stunden,<br \/>&#160;&#160;&#160; diese Abweichung bewegt sich aber noch innerhalb der Streubreite der Versuche von 2011, offensichtlich altert der Akku bisher nur langsam. <br \/>&#160;&#8211;&#160;Beobachtungen Fr\u00fchjahr 2015: Abh\u00e4ngig von der Empfangssituation bewegen sich die Laufzeiten zwischen 6:20 (schwierige) und 7:10&#160;Stunden (gute Empfangsbedingungen). <\/p>\n<p style=\"margin-top: 0px;margin-bottom: 8px;margin-left: 15px\">Ger\u00e4t&#160;2 (SN &#8230;786) <br \/>&#160;&#8211; Bekanntgewordene Dateien lassen auf Akkulaufzeiten von anfangs mindestens 12:30&#160;Stunden schlie\u00dfen, in Verbindung mit Ger\u00e4t&#160;1 entsprechend einer betr\u00e4chtlichen Exemplarstreuung. <\/p>\n<p style=\"margin-top: 0px;margin-bottom: 8px;margin-left: 15px\">&#8211; Laufzeitverl\u00e4ngerung mittels externer Spannungsquelle <br \/>Falls es die Gegebenheiten hinsichtlich Gewicht und Platzbedarf zulassen, bietet sich die Speisung des Loggers aus einer zus\u00e4tzlichen externen Spannungsquelle \u00fcber seinen USB-Anschluss an. Mit einem voll geladenen Powerbar 5&#160;V\/2200&#160;mAh (Hersteller-Angabe) verl\u00e4ngert sich die Laufzeit des voll geladenen PocketGPS_S1 auf ca. 17&#160;Stunden. <\/p>\n<h3 style=\"margin-top: 20px;margin-bottom: 2px;\">Verweise <\/h3>\n<hr style=\"margin-top: 0px;margin-bottom: 12px;\">\n<p style=\"margin-top: 0px;margin-bottom: 8px;padding-left:20px;\"><a id=\"verweis_1\" ><\/a>[<a href=\"https:\/\/gps.hillclimb.de\/?page_id=1990\">1<\/a>] Klaus&#8216; GPS-Ecke: Grenzen von AGPS &#8230;<\/p>\n<p style=\"margin-top: 0px;margin-bottom: 8px;padding-left:20px;\"><a id=\"verweis_2\" ><\/a>[<a href=\"https:\/\/gps.hillclimb.de\/?page_id=997\">2<\/a>] Klaus&#8216; GPS-Ecke: Bedienelemente &#8230;<\/p>\n<p style=\"margin-top: 0px;margin-bottom: 8px;padding-left:20px;\"><a id=\"verweis_3\" ><\/a>[<a href=\"https:\/\/gps.hillclimb.de\/?page_id=1187\">3<\/a>] Klaus&#8216; GPS-Ecke: PocketGPS_S1 als GPS-Logger<\/p>\n<p style=\"margin-top: 0px;margin-bottom: 8px;padding-left:20px;\"><a id=\"verweis_4\" ><\/a>[<a href=\"https:\/\/gps.hillclimb.de\/?page_id=1374\">4<\/a>] Klaus&#8216; GPS-Ecke: Darstellung\/Auswertung der Logs &#8230;<\/p>\n<hr style=\"margin-top: 24px;margin-bottom: 6px;text-align:left;margin-left:0;width:30%;\">\n<p style=\"margin-top: 0px;margin-bottom: 6px;\">Klaus Dannowski &#8211; <a href=\"https:\/\/gps.hillclimb.de\/?page_id=9788\" \/>Klaus&#8216; GPS-Ecke<\/a> <br \/<br \/><small>O2.11.2O11<\/small><\/p>\n<p>&#8221;PocketGPS&thinsp;S1: Short overview of the technology, technical data&#8221;<\/p>\n","protected":false},"excerpt":{"rendered":"<p>Letzte &Auml;nderung am 16.02.2017 &nbsp;&nbsp;&nbsp;&nbsp;Das hier beschriebene PG-S1 tr\u00e4gt die Modellbezeichung PocketGPS&#160;S1-BL. Seine Firmware hat den bei der Auslieferung Oktober 2011 aktuellen (und wohl endg\u00fcltig letztenAnm1) Stand &#8222;11.08.16&#8220; (entsprechend JJ.MM.DD; mindestens die sechste FW-Version); GPSView (Transystem Inc.) meldet &#8222;AXN_1.30.0000, ,&#8220;. &nbsp;&nbsp;&nbsp;&nbsp;Die Ausstattung des GPS-Logger-Teils beruht auf dem GPS-Chip MT3329 (MTKII) von MediaTek. F\u00fcr seine Firmware [&hellip;]<\/p>\n","protected":false},"author":2,"featured_media":0,"parent":642,"menu_order":2,"comment_status":"closed","ping_status":"open","template":"","meta":{"footnotes":""},"class_list":["post-655","page","type-page","status-publish","hentry"],"_links":{"self":[{"href":"https:\/\/gps.hillclimb.de\/index.php?rest_route=\/wp\/v2\/pages\/655","targetHints":{"allow":["GET"]}}],"collection":[{"href":"https:\/\/gps.hillclimb.de\/index.php?rest_route=\/wp\/v2\/pages"}],"about":[{"href":"https:\/\/gps.hillclimb.de\/index.php?rest_route=\/wp\/v2\/types\/page"}],"author":[{"embeddable":true,"href":"https:\/\/gps.hillclimb.de\/index.php?rest_route=\/wp\/v2\/users\/2"}],"replies":[{"embeddable":true,"href":"https:\/\/gps.hillclimb.de\/index.php?rest_route=%2Fwp%2Fv2%2Fcomments&post=655"}],"version-history":[{"count":10,"href":"https:\/\/gps.hillclimb.de\/index.php?rest_route=\/wp\/v2\/pages\/655\/revisions"}],"predecessor-version":[{"id":11125,"href":"https:\/\/gps.hillclimb.de\/index.php?rest_route=\/wp\/v2\/pages\/655\/revisions\/11125"}],"up":[{"embeddable":true,"href":"https:\/\/gps.hillclimb.de\/index.php?rest_route=\/wp\/v2\/pages\/642"}],"wp:attachment":[{"href":"https:\/\/gps.hillclimb.de\/index.php?rest_route=%2Fwp%2Fv2%2Fmedia&parent=655"}],"curies":[{"name":"wp","href":"https:\/\/api.w.org\/{rel}","templated":true}]}}