{"id":899,"date":"2011-12-12T17:39:25","date_gmt":"2011-12-12T16:39:25","guid":{"rendered":"http:\/\/gps.hillclimb.de\/?page_id=899"},"modified":"2023-11-16T14:09:13","modified_gmt":"2023-11-16T13:09:13","slug":"erste-inbetriebnahme","status":"publish","type":"page","link":"https:\/\/gps.hillclimb.de\/?page_id=899","title":{"rendered":"PocketGPS S1 &#8211; Tipps zur ersten Inbetriebnahme"},"content":{"rendered":"<p style=\"margin-top: -12px;margin-bottom: 26px;font-size:0.7em;\">Stand 07.06.2018<\/p>\n<p style=\"margin-top: 0px;margin-bottom: 8px;\">Wie sich kurz nach dem Posteingang beim Blick auf den Batteriestandindikator im Display des Loggers herausstellte, verf\u00fcgte der Akku bei Anlieferung noch \u00fcber eine Restladung von 40 %. So schaltete sich das Ger\u00e4t &#8211; gerade noch beim Auspacken &#8211; bei einem mehr so neugierigen Dr\u00fccken an der OK-Taste auch schon ein; eingestellte Sprache Englisch, also ohne Spezialkenntnisse lesbare Texte im Display &#8211;<\/p>\n<p style=\"margin-top: 0px;margin-bottom: 8px;\">&nbsp;&nbsp;&nbsp;&nbsp;&#8230; und nicht lange, dann hatte er den 3D-Fix erreicht und begonnen,<br \/>&nbsp;&nbsp;&nbsp;&nbsp;&nbsp;&nbsp;&nbsp;im 1-Sekunden-Takt Daten ins neu angelegte Log zu schreiben.<\/p>\n<p style=\"margin-top: 0px;margin-bottom: 8px;\">Offensichtlich ist das die Grundeinstellung im Auslieferzustand f\u00fcr K\u00e4ufer au\u00dferhalb Ostasiens. Zumindest war es bei beiden vorliegenden Ger\u00e4ten so.<\/p>\n<p style=\"margin-top: 0px;margin-bottom: 0px;\">Genauer betrachtet muss<\/p>\n<ul style=\"margin-top: 0px;margin-bottom: 0px;\">\n<li>die &#8221;OK&#8221;-Taste f\u00fcr etwa 3&nbsp;Sekunden gedr\u00fcckt gehalten werden,<br \/>es erscheint alsbald der eingestellte Vorzugsbildschirm;<\/li>\n<\/ul>\n<p style=\"margin-top: 8px;margin-bottom: 0px;\">danach<\/p>\n<ul style=\"margin-top: 0px;margin-bottom: 0px;\">\n<li>nochmals den &#8221;OK&#8221;-Taster dr\u00fccken, bis ein Auswahl-Menue<br \/>&nbsp;&nbsp;&nbsp;&nbsp;&#8221;Key Lock&#8221; <br \/>&nbsp;&nbsp;&nbsp;&nbsp;&#8221;Power Off&#8221; <br \/>erscheint;<\/li>\n<\/ul>\n<p style=\"margin-top: 8px;margin-bottom: 8px;\">danach, wenn n\u00f6tig, &#8211; kurz &#8211; &#8221;+\/-&#8221; dr\u00fccken, um <br \/>&nbsp;&nbsp;&nbsp;&nbsp;&#8221;Key Lock&#8221; <br \/>auszuw\u00e4hlen;<\/p>\n<ul>\n<li>dann nochmals &#8211; kurz &#8211; &#8221;OK&#8221; dr\u00fccken:<br \/>Die Tasten sind verriegelt; der Logger ist bereit (ist er aber auch ohne Verriegeln).<\/li>\n<\/ul>\n<p style=\"margin-top: 8px;margin-bottom: 14px;\">Dem Ger\u00e4t ist eine Kurzbedienanleitung in Gestalt eines beidseitig eng bedruckten Faltblatts beigef\u00fcgt. Reich mit farbigen Menue-Ansichten bebildert enth\u00e4lt sie alle wichtigen Bedienschritte, ist aber bei dieser besonderen Bezugsart komplett (die Beschriftungen in den Bildern eingeschlossen) in Koreanisch \/ Hangul abgefasst. F\u00fcr einen raschen \u00dcberblick zu den Bedienelementen mag (neben einer Reihe weiterer Bilder mit verschiedenen Ansichten des GPS-Loggers) ein in Englisch beschriftetes bei <a href=\"https:\/\/www.climbing.de\/wp-content\/gallery\/2010-09-01-pocket-gps\/pocket_gps_s1_13-1.jpg\" target=\"_blank\" rel=\"noopener\">Climbing.de einsehbares Bild<\/a> n\u00fctzlich sein (fr\u00fcher \u00e4hnlich beim Hersteller zu finden; allerdings beide in einigen Details von Geh\u00e4use und Display nicht ganz aktuell)<a id=\"bild_overview\" ><\/a>.<\/p>\n<p style=\"margin-top: 0px;margin-bottom: 6px;\">Vorab: &#8221;Up&#8221; \/ &#8221;Down&#8221; (Auf\/Ab) des seitlichen Wippentasters bezieht sich auf die Bewegung in den Fenstern des &#8221;Menue Modus&#8221; und deren Untermenues und die Auswahlfenster, wobei &#8211; recht bequem &#8211; beim Weiterbewegen \u00fcber einen an einem Ende liegenden Men\u00fc-Balken hinaus zum Balken des anderen Endes gesprungen wird.<\/p>\n<p style=\"margin-top: 0px;margin-bottom: 20px;\">Mit der Handhabung des Loggers und besonders der aufgezeichneten Logs befassen sich auch mehrere der in der Leiste rechts verlinkten Eintr\u00e4ge.<\/p>\n<p style=\"margin-top: 0px;margin-bottom: 6px;\">Gut ist es, bereits hier allgemein ein weniges \u00fcber das Verhalten von GPS-Loggern und im Besonderen des &#8221;Storyish PocketGPS S1&#8221; zu wissen, zum Beispiel,<\/p>\n<ul style=\"margin-top: 0px;margin-bottom: 2px;\">\n<li>dass es zum normalen Verhalten im log-Modus geh\u00f6rt, wenn nach dem Verbinden mit einem (aktiven) USB-Port eines Rechners lediglich am Display &#8221;Charging&#8221; zu lesen ist und die Bedientasten taub geworden sind sowie &#8211; falls vorher eingeschaltet &#8211; zugleich damit das Loggen beendet wird,<\/li>\n<li>dass mit einem separaten USB-Ladeger\u00e4t die Funktionen des Loggers auch w\u00e4hrend des Ladens, also auch das Loggen bei gleichzeitigem Laden, verf\u00fcgbar bleiben, indem man daf\u00fcr sorgt, dass sich der Logger beim Verbinden mit dem Ladeger\u00e4t im gew\u00fcnschten Betriebszustand befindet (hilfreich z.&#160;B. um den Logger bei weitgehend entladenem Akku zu betreiben),<\/li>\n<\/ul>\n<table style=\"vertical-align:top; border-spacing:10px;width:98%;margin-bottom: 0px;\">\n<tr>\n<td style=\"vertical-align:top; width:88%;border:0px;margin-bottom: 0px;\">\n<ul style=\"margin-top: 0px;margin-bottom: 0px;\">\n<li>dass zugleich mit dem Verbinden mit einem aktiven (externen) USB-Port im &#8221;PocketGPS S1&#8221; ein USB-Massenspeicher\/USB-Laufwerk mit der nebenstehenden Verzeichnisstruktur aktiviert wird,<\/li>\n<li>dass sich dieses USB-Laufwerk am Windows-System des zugeh\u00f6rigen Rechners automatisch anmeldet, so dass es ratsam ist, dieses vor dem sp\u00e4teren Ziehen des USB-Steckers abzumelden, um sicherzustellen, dass keine Dateien oder Verzeichnisse in anderen Anwendungen ge\u00f6ffnet oder Aktivit\u00e4ten noch nicht abgeschlossen sind,<\/li>\n<li style=\"margin-top: 0px;margin-bottom: 0px;\">dass es (einen beigelegten separaten Datentr\u00e4ger sieht der Lieferumfang nicht vor) im Ordner &#8221;User_Manual&#8221; des USB-Massenspeichers die aktuelle Version der Bedienanleitung (erfreulich: in der voreingestellten Sprache der Displaytexte, in Englisch) zum Betrieb des PG-S1 als GPS-Logger gibt,<\/li>\n<\/ul>\n<\/td>\n<td style=\"padding-left:5px;margin-bottom: 0px;\"><a href=\"https:\/\/gps.hillclimb.de\/wp-content\/uploads\/2012\/01\/S1-Folder-168x297.jpg\"><img decoding=\"async\" src=\"https:\/\/gps.hillclimb.de\/wp-content\/uploads\/2012\/01\/S1-Folder.jpg\" alt=\"Verzeichnisstruktur des Datenspeichers\" title=\"S1-Folder\" width=\"128\" ><\/a><\/td>\n<\/tr>\n<\/table>\n<ul>\n<li>dass Cuu:B&#8217;s PG-S1 trotz MediaTek-Chipsatz zu jenen wenigen GPS-Loggern geh\u00f6rt, die sich nicht nur im Format der ausgegebenen Logdateien (NMEA-0183 &#8211; Version 3.01 gegen\u00fcber Mediatek-Data.bin) sondern auch in der internen Speicherorganisation und damit zusammenh\u00e4ngend den Software- und Hardware-Schnittstellen f\u00fcr die \u00dcbergabe der Logdateien sowie der Aufbereitung der Logdaten, z.&nbsp;B. f\u00fcr die Darstellung in Google Maps\/Google Earth, von den z.&nbsp;B. Transystem-kompatiblen Loggern unterscheiden. Deshalb ist es nicht mit der universellen <a href=\"https:\/\/www.bt747.org\/de\" target=\"_blank\" rel=\"noopener\">747-Software (von Mario de Weerd)<\/a> kompatibel. Stattdessen stellt der Hersteller mit dem &#8221;Storyish Program&#8221;, das ebenfalls im USB-Verzeichnis, Ordner &#8221;PC Tool&#8221;, zu finden ist (englische Anleitung wiederum im Ordner &#8221;User_Manual&#8221;), ein eigenes Windows-&#8221;PC Tool&#8221; zur Verf\u00fcgung<a href=\"#link_nifty\"><strong><sup><b>Anm1<\/b><\/sup><\/strong><\/a>,<\/li>\n<li>dass es (auch im PG-S1-Handbuch zu lesen) im Liefer- bzw. zur\u00fcckgesetzten Zustand recht lange, auch mal 45 Minuten, dauern kann, ehe das Ger\u00e4t mit dem Loggen beginnt (mehr dazu siehe <a href=\"https:\/\/gps.hillclimb.de\/?page_id=2001#kaltstart\">hier<\/a>), so dass die Daten einer bis dahin zur\u00fcckgelegten Wegstrecke nicht aufgezeichnet wurden und damit verloren sind.<br \/>Erneute Starts gehen h\u00e4ufig viel schneller vonstatten, besonders im Fall g\u00fcltiger AGPS-Daten. Auf Einzelheiten dazu, aber auch zu den Grenzen von AGPS, wird <a href=\"https:\/\/gps.hillclimb.de\/?page_id=1990\">hier<\/a> eingegangen.\n<\/li>\n<li>was zu tun ist, falls die Beschriftungen der Anzeigen des PG-S1 s\u00e4mtlich in Koreanisch oder Japanisch erscheinen, statt wie gew\u00fcnscht in Englisch. (Die Unterschiede in den hier folgenden Bilderpaaren betreffen jeweils nur die Sprache.)<br \/>&nbsp;<br \/><a href=\"https:\/\/gps.hillclimb.de\/wp-content\/uploads\/2012\/01\/SettingStatusKor-270x300.jpg\"><img decoding=\"async\" src=\"https:\/\/gps.hillclimb.de\/wp-content\/uploads\/2012\/01\/SettingStatusKor-270x300.jpg\" alt=\"Menue-Punkt &#34;Setting&amp;Status&#34; (Einstellung Korean) \" title=\"Setting&amp;Status (Kor.)\" width=\"150\" ><\/a>&nbsp;<a href=\"https:\/\/gps.hillclimb.de\/wp-content\/uploads\/2012\/01\/SettingStatus-272x300.jpg\"><img decoding=\"async\" src=\"https:\/\/gps.hillclimb.de\/wp-content\/uploads\/2012\/01\/SettingStatus-272x300.jpg\" alt=\"Setting &#038; Status\" title=\"Setting &#038; Status\" width=\"150\" ><\/a><br \/>&nbsp;<br \/>Zu diesem &#8221;Select Menu&#8221;, zu erkennen an &#8221;1 MP3 &#8230;&#8221;, gelangt man durch wiederholtes Dr\u00fccken des MODE-Tasters. Sodann w\u00e4hlt man mit der &#8221;+\/-&#8221;-Wippe den Balken &#8221;5 &#8230;&#8221;. Hier nun ein Druck auf den &#8221;OK&#8221;-Taster &#8211; es \u00f6ffnet sich &#8221;Setting&#038;Status&#8221; mit bereits angew\u00e4hltem Balken &#8221;1 (Language auf Koreanisch)&#8221;:<br \/>&nbsp;<br \/><a href=\"https:\/\/gps.hillclimb.de\/wp-content\/uploads\/2012\/01\/LanguageKor-272x300.jpg\"><img decoding=\"async\" src=\"https:\/\/gps.hillclimb.de\/wp-content\/uploads\/2012\/01\/LanguageKor-272x300.jpg\" alt=\"Spracheinstellung &#34;Koreanisch&#34;\" title=\"Language (Kor.)\" width=\"150\" ><\/a>&nbsp;<a href=\"https:\/\/gps.hillclimb.de\/wp-content\/uploads\/2012\/01\/Language-274x300.jpg\"><img decoding=\"async\" src=\"https:\/\/gps.hillclimb.de\/wp-content\/uploads\/2012\/01\/Language-274x300.jpg\" alt=\"Menuepunkt &#34;Sprache&#34;\" title=\"Language\" width=\"150\" ><\/a><br \/>&nbsp;<br \/>\n<table style=\"\">\n<tr>\n<td style=\"vertical-align:top;\">Nun fehlen nur noch die Schritte <br \/>&nbsp;&nbsp;&nbsp;&#8211; &#8221;OK&#8221;,<br \/>&nbsp;&nbsp;&nbsp;&#8211; ein Druck an der &#8221;+\/-&#8221;-Wippe, bis wie in der <br \/>&nbsp;&nbsp;&nbsp;&nbsp;&nbsp;nebenstehenden Ansicht zu sehen,<br \/>&nbsp;&nbsp;&nbsp;&nbsp;&nbsp;&#8221;English&#8221; ausgew\u00e4hlt ist,<br \/>&nbsp;&nbsp;&nbsp;&#8211; &#8221;OK&#8221;,<br \/>und alle Beschriftung ist in Englisch.<\/td>\n<td style=\"vertical-align:top;border:0px;\">&nbsp;&nbsp;&nbsp;<a href=\"https:\/\/gps.hillclimb.de\/wp-content\/uploads\/2012\/01\/AuswahlKorEng1-273x300.jpg\"><img decoding=\"async\" src=\"https:\/\/gps.hillclimb.de\/wp-content\/uploads\/2012\/01\/AuswahlKorEng1-273x300.jpg\" alt=\"Auswahl &#34;Koreanisch\/Englisch&#34;\" title=\"Auswahl Eng\/Kor\" width=\"150\" ><\/a><\/td>\n<\/tr>\n<\/table>\n<p>Verlassen wird das Menue &#8221;Setting&#038;Status&#8221; mit einem Druck auf &#8221;MODE&#8221; (hier im Untermen\u00fc wirkt der Taster \u00e4hnlich wie das &#8221;ESC&#8221; beim PC).<\/p>\n<p>Mit ein wenig Pech kann es dazu gekommen sein, dass die Taster verriegelt sind (zu erkennen am Schlosssymbol in der oberen Statuszeile, wie auch in den beiden nachfolgenden Bildern) und so der noch auf &#8221;Koreanisch&#8221; eingestellte Logger nicht mehr auf Tastendr\u00fccke reagiert.<\/p>\n<p><a href=\"https:\/\/gps.hillclimb.de\/wp-content\/uploads\/2012\/01\/EntriegKor-272x300.jpg\"><img decoding=\"async\" src=\"https:\/\/gps.hillclimb.de\/wp-content\/uploads\/2012\/01\/EntriegKor-272x300.jpg\" alt=\"Entriegelung (Kor)\" title=\"Entriegelung (Kor)\" width=\"150\" ><\/a>&nbsp;<a href=\"https:\/\/gps.hillclimb.de\/wp-content\/uploads\/2012\/01\/KeyUnlock-272x300.jpg\"><img decoding=\"async\" src=\"https:\/\/gps.hillclimb.de\/wp-content\/uploads\/2012\/01\/KeyUnlock-272x300.jpg\" alt=\"Bedientasten freigeben\" title=\"KeyUnlock\" width=\"150\" ><\/a><br \/>\n<br \/>\nIm oben abgebildeten zweizeiligen Feld, das sich \u00f6ffnet, wenn &#8221;OK&#8221; f\u00fcr etwa drei Sekunden gedr\u00fcckt wird, bedeutet die obere Zeile &#8221;Entriegeln der Tasten&#8221;. Obere Zeile anw\u00e4hlen, nochmal &#8221;OK&#8221;, und die Taster sind freigegeben.<\/li>\n<\/ul>\n<p class=\"para-header\">Anmerkungen <\/p>\n<p style=\"margin-top: 0px;margin-bottom: 8px;margin-left: 15px;text-indent: -15px;\"><a id=\"link_nifty\"><\/a><strong><sup>Anm1<\/sup><\/strong>&#160; Ein einfach zu handhabendes Windows-Umsetztool (auch Windows&#160;10) f\u00fcr das &#34;PocketGPS&#160;S1&#34;\/&#34;PG-S1&#34; ist der <a href=\"http:\/\/4river.a.la9.jp\/gps\/#003\" target=\"_blank\" rel=\"noopener\">File Converter NMEA to KMZ<\/a>. <\/p>\n<hr style=\"margin-top: 24px;margin-bottom: 6px;text-align:left;margin-left:0;width:30%;\">\n<p style=\"margin-top: 0px;margin-bottom: 6px;\">Klaus Dannowski &#8211; <a href=\"https:\/\/gps.hillclimb.de\/?page_id=9788\">Klaus&#8216; GPS-Ecke<\/a> <br \/><small>01.12.2O11<\/small> <\/p>\n","protected":false},"excerpt":{"rendered":"<p>Stand 07.06.2018 Wie sich kurz nach dem Posteingang beim Blick auf den Batteriestandindikator im Display des Loggers herausstellte, verf\u00fcgte der Akku bei Anlieferung noch \u00fcber eine Restladung von 40 %. So schaltete sich das Ger\u00e4t &#8211; gerade noch beim Auspacken &#8211; bei einem mehr so neugierigen Dr\u00fccken an der OK-Taste auch schon ein; eingestellte Sprache [&hellip;]<\/p>\n","protected":false},"author":2,"featured_media":0,"parent":1187,"menu_order":6,"comment_status":"closed","ping_status":"open","template":"","meta":{"footnotes":""},"class_list":["post-899","page","type-page","status-publish","hentry"],"_links":{"self":[{"href":"https:\/\/gps.hillclimb.de\/index.php?rest_route=\/wp\/v2\/pages\/899","targetHints":{"allow":["GET"]}}],"collection":[{"href":"https:\/\/gps.hillclimb.de\/index.php?rest_route=\/wp\/v2\/pages"}],"about":[{"href":"https:\/\/gps.hillclimb.de\/index.php?rest_route=\/wp\/v2\/types\/page"}],"author":[{"embeddable":true,"href":"https:\/\/gps.hillclimb.de\/index.php?rest_route=\/wp\/v2\/users\/2"}],"replies":[{"embeddable":true,"href":"https:\/\/gps.hillclimb.de\/index.php?rest_route=%2Fwp%2Fv2%2Fcomments&post=899"}],"version-history":[{"count":10,"href":"https:\/\/gps.hillclimb.de\/index.php?rest_route=\/wp\/v2\/pages\/899\/revisions"}],"predecessor-version":[{"id":11123,"href":"https:\/\/gps.hillclimb.de\/index.php?rest_route=\/wp\/v2\/pages\/899\/revisions\/11123"}],"up":[{"embeddable":true,"href":"https:\/\/gps.hillclimb.de\/index.php?rest_route=\/wp\/v2\/pages\/1187"}],"wp:attachment":[{"href":"https:\/\/gps.hillclimb.de\/index.php?rest_route=%2Fwp%2Fv2%2Fmedia&parent=899"}],"curies":[{"name":"wp","href":"https:\/\/api.w.org\/{rel}","templated":true}]}}